{"id":36,"date":"2015-02-19T17:45:42","date_gmt":"2015-02-19T16:45:42","guid":{"rendered":"http:\/\/vu2019.admin.tibold.com\/?page_id=36"},"modified":"2026-03-23T13:57:00","modified_gmt":"2026-03-23T12:57:00","slug":"kurbisfest-2014","status":"publish","type":"page","link":"https:\/\/www.kuerbis.lu\/?page_id=36","title":{"rendered":"RISEK\u00dcRBIS"},"content":{"rendered":"<h1><span style=\"color: #ff0000;\"><strong>S\u00e4it 2003 ginn zu Biereng d\u00e9i L\u00ebtzebuerger Riesenk\u00fcrbismeeschterschaften ausgedroen.<\/strong><\/span><\/h1>\n<p>________________________________________________________________________________________________________________<\/p>\n<h1>National Riesenk\u00fcrbismeeschterschaft 2026<\/h1>\n<p><a href=\"http:\/\/www.kuerbis.lu\/wp-content\/uploads\/2023\/08\/Kuerbisweihen.png\"><img loading=\"lazy\" decoding=\"async\" data-attachment-id=\"3713\" data-permalink=\"https:\/\/www.kuerbis.lu\/?attachment_id=3713\" data-orig-file=\"https:\/\/www.kuerbis.lu\/wp-content\/uploads\/2023\/08\/Kuerbisweihen.png\" data-orig-size=\"413,620\" data-comments-opened=\"0\" data-image-meta=\"{&quot;aperture&quot;:&quot;0&quot;,&quot;credit&quot;:&quot;&quot;,&quot;camera&quot;:&quot;&quot;,&quot;caption&quot;:&quot;&quot;,&quot;created_timestamp&quot;:&quot;0&quot;,&quot;copyright&quot;:&quot;&quot;,&quot;focal_length&quot;:&quot;0&quot;,&quot;iso&quot;:&quot;0&quot;,&quot;shutter_speed&quot;:&quot;0&quot;,&quot;title&quot;:&quot;&quot;,&quot;orientation&quot;:&quot;0&quot;}\" data-image-title=\"K\u00fcrbisweihen\" data-image-description=\"\" data-image-caption=\"\" data-medium-file=\"https:\/\/www.kuerbis.lu\/wp-content\/uploads\/2023\/08\/Kuerbisweihen-200x300.png\" data-large-file=\"https:\/\/www.kuerbis.lu\/wp-content\/uploads\/2023\/08\/Kuerbisweihen.png\" tabindex=\"0\" role=\"button\" class=\"aligncenter size-large wp-image-3713\" src=\"http:\/\/www.kuerbis.lu\/wp-content\/uploads\/2023\/08\/Kuerbisweihen.png\" alt=\"\" width=\"413\" height=\"620\" srcset=\"https:\/\/www.kuerbis.lu\/wp-content\/uploads\/2023\/08\/Kuerbisweihen.png 413w, https:\/\/www.kuerbis.lu\/wp-content\/uploads\/2023\/08\/Kuerbisweihen-200x300.png 200w\" sizes=\"(max-width: 413px) 100vw, 413px\" \/><\/a><\/p>\n<p>Fir all dei wou wellen bei der <strong>Riesenk\u00fcrbismeeschterschft 2026<\/strong>&nbsp;matmaachen!<\/p>\n<blockquote><p><strong><span style=\"color: #ff6600;\">Hei fannt Dir den Formular fir sech unzemellen.<\/span><\/strong><\/p>\n<p><a href=\"http:\/\/www.kuerbis.lu\/wp-content\/uploads\/2026\/03\/Inscriptioun-Risenkuerbismeeschterschaft-2026.pdf\">Inscriptioun Risenk\u00fcrbismeeschterschaft 2026<\/a><\/p><\/blockquote>\n<p>&nbsp;<\/p>\n<p><a href=\"http:\/\/www.kuerbis.lu\/wp-content\/uploads\/2024\/09\/20240922_161145-scaled.jpg\"><img loading=\"lazy\" decoding=\"async\" data-attachment-id=\"3671\" data-permalink=\"https:\/\/www.kuerbis.lu\/?attachment_id=3671\" data-orig-file=\"https:\/\/www.kuerbis.lu\/wp-content\/uploads\/2024\/09\/20240922_161145-scaled.jpg\" data-orig-size=\"1920,2560\" data-comments-opened=\"0\" data-image-meta=\"{&quot;aperture&quot;:&quot;1.8&quot;,&quot;credit&quot;:&quot;&quot;,&quot;camera&quot;:&quot;Galaxy A55 5G&quot;,&quot;caption&quot;:&quot;&quot;,&quot;created_timestamp&quot;:&quot;1727021505&quot;,&quot;copyright&quot;:&quot;&quot;,&quot;focal_length&quot;:&quot;5.54&quot;,&quot;iso&quot;:&quot;50&quot;,&quot;shutter_speed&quot;:&quot;0.00132802124834&quot;,&quot;title&quot;:&quot;&quot;,&quot;orientation&quot;:&quot;1&quot;}\" data-image-title=\"20240922_161145\" data-image-description=\"\" data-image-caption=\"\" data-medium-file=\"https:\/\/www.kuerbis.lu\/wp-content\/uploads\/2024\/09\/20240922_161145-225x300.jpg\" data-large-file=\"https:\/\/www.kuerbis.lu\/wp-content\/uploads\/2024\/09\/20240922_161145-768x1024.jpg\" tabindex=\"0\" role=\"button\" class=\"aligncenter  wp-image-3671\" src=\"http:\/\/www.kuerbis.lu\/wp-content\/uploads\/2024\/09\/20240922_161145-768x1024.jpg\" alt=\"\" width=\"397\" height=\"529\" srcset=\"https:\/\/www.kuerbis.lu\/wp-content\/uploads\/2024\/09\/20240922_161145-768x1024.jpg 768w, https:\/\/www.kuerbis.lu\/wp-content\/uploads\/2024\/09\/20240922_161145-225x300.jpg 225w, https:\/\/www.kuerbis.lu\/wp-content\/uploads\/2024\/09\/20240922_161145-1152x1536.jpg 1152w, https:\/\/www.kuerbis.lu\/wp-content\/uploads\/2024\/09\/20240922_161145-1536x2048.jpg 1536w, https:\/\/www.kuerbis.lu\/wp-content\/uploads\/2024\/09\/20240922_161145-scaled.jpg 1920w\" sizes=\"(max-width: 397px) 100vw, 397px\" \/><\/a><\/p>\n<p>______________________________________________________________________________________________________________<\/p>\n","protected":false},"excerpt":{"rendered":"<p>S\u00e4it 2003 ginn zu Biereng d\u00e9i L\u00ebtzebuerger Riesenk\u00fcrbismeeschterschaften ausgedroen. ________________________________________________________________________________________________________________ National Riesenk\u00fcrbismeeschterschaft 2026 Fir all dei wou wellen bei der Riesenk\u00fcrbismeeschterschft 2026&nbsp;matmaachen! Hei fannt Dir den Formular fir sech unzemellen. Inscriptioun Risenk\u00fcrbismeeschterschaft 2026 &nbsp; ______________________________________________________________________________________________________________<\/p>\n","protected":false},"author":1,"featured_media":0,"parent":0,"menu_order":1,"comment_status":"closed","ping_status":"closed","template":"","meta":{"ngg_post_thumbnail":0,"jetpack_post_was_ever_published":false,"footnotes":""},"class_list":["post-36","page","type-page","status-publish","hentry"],"jetpack_sharing_enabled":true,"jetpack_shortlink":"https:\/\/wp.me\/P5Qynt-A","jetpack_likes_enabled":true,"_links":{"self":[{"href":"https:\/\/www.kuerbis.lu\/index.php?rest_route=\/wp\/v2\/pages\/36"}],"collection":[{"href":"https:\/\/www.kuerbis.lu\/index.php?rest_route=\/wp\/v2\/pages"}],"about":[{"href":"https:\/\/www.kuerbis.lu\/index.php?rest_route=\/wp\/v2\/types\/page"}],"author":[{"embeddable":true,"href":"https:\/\/www.kuerbis.lu\/index.php?rest_route=\/wp\/v2\/users\/1"}],"replies":[{"embeddable":true,"href":"https:\/\/www.kuerbis.lu\/index.php?rest_route=%2Fwp%2Fv2%2Fcomments&post=36"}],"version-history":[{"count":19,"href":"https:\/\/www.kuerbis.lu\/index.php?rest_route=\/wp\/v2\/pages\/36\/revisions"}],"predecessor-version":[{"id":3798,"href":"https:\/\/www.kuerbis.lu\/index.php?rest_route=\/wp\/v2\/pages\/36\/revisions\/3798"}],"wp:attachment":[{"href":"https:\/\/www.kuerbis.lu\/index.php?rest_route=%2Fwp%2Fv2%2Fmedia&parent=36"}],"curies":[{"name":"wp","href":"https:\/\/api.w.org\/{rel}","templated":true}]}}

RISEKÜRBIS

<h1><span style="color: #ff0000;"><strong>Säit 2003 ginn zu Biereng déi Lëtzebuerger Riesenkürbismeeschterschaften ausgedroen.</strong></span></h1>
<p>________________________________________________________________________________________________________________</p>
<h1>National Riesenkürbismeeschterschaft 2026</h1>
<p><a href="http://www.kuerbis.lu/wp-content/uploads/2023/08/Kuerbisweihen.png"><img loading="lazy" decoding="async" data-attachment-id="3713" data-permalink="https://www.kuerbis.lu/?attachment_id=3713" data-orig-file="https://www.kuerbis.lu/wp-content/uploads/2023/08/Kuerbisweihen.png" data-orig-size="413,620" data-comments-opened="0" data-image-meta="{&quot;aperture&quot;:&quot;0&quot;,&quot;credit&quot;:&quot;&quot;,&quot;camera&quot;:&quot;&quot;,&quot;caption&quot;:&quot;&quot;,&quot;created_timestamp&quot;:&quot;0&quot;,&quot;copyright&quot;:&quot;&quot;,&quot;focal_length&quot;:&quot;0&quot;,&quot;iso&quot;:&quot;0&quot;,&quot;shutter_speed&quot;:&quot;0&quot;,&quot;title&quot;:&quot;&quot;,&quot;orientation&quot;:&quot;0&quot;}" data-image-title="Kürbisweihen" data-image-description="" data-image-caption="" data-medium-file="https://www.kuerbis.lu/wp-content/uploads/2023/08/Kuerbisweihen-200x300.png" data-large-file="https://www.kuerbis.lu/wp-content/uploads/2023/08/Kuerbisweihen.png" tabindex="0" role="button" class="aligncenter size-large wp-image-3713" src="http://www.kuerbis.lu/wp-content/uploads/2023/08/Kuerbisweihen.png" alt="" width="413" height="620" srcset="https://www.kuerbis.lu/wp-content/uploads/2023/08/Kuerbisweihen.png 413w, https://www.kuerbis.lu/wp-content/uploads/2023/08/Kuerbisweihen-200x300.png 200w" sizes="(max-width: 413px) 100vw, 413px" /></a></p>
<p>Fir all dei wou wellen bei der <strong>Riesenkürbismeeschterschft 2026</strong>&nbsp;matmaachen!</p>
<blockquote><p><strong><span style="color: #ff6600;">Hei fannt Dir den Formular fir sech unzemellen.</span></strong></p>
<p><a href="http://www.kuerbis.lu/wp-content/uploads/2026/03/Inscriptioun-Risenkuerbismeeschterschaft-2026.pdf">Inscriptioun Risenkürbismeeschterschaft 2026</a></p></blockquote>
<p>&nbsp;</p>
<p><a href="http://www.kuerbis.lu/wp-content/uploads/2024/09/20240922_161145-scaled.jpg"><img loading="lazy" decoding="async" data-attachment-id="3671" data-permalink="https://www.kuerbis.lu/?attachment_id=3671" data-orig-file="https://www.kuerbis.lu/wp-content/uploads/2024/09/20240922_161145-scaled.jpg" data-orig-size="1920,2560" data-comments-opened="0" data-image-meta="{&quot;aperture&quot;:&quot;1.8&quot;,&quot;credit&quot;:&quot;&quot;,&quot;camera&quot;:&quot;Galaxy A55 5G&quot;,&quot;caption&quot;:&quot;&quot;,&quot;created_timestamp&quot;:&quot;1727021505&quot;,&quot;copyright&quot;:&quot;&quot;,&quot;focal_length&quot;:&quot;5.54&quot;,&quot;iso&quot;:&quot;50&quot;,&quot;shutter_speed&quot;:&quot;0.00132802124834&quot;,&quot;title&quot;:&quot;&quot;,&quot;orientation&quot;:&quot;1&quot;}" data-image-title="20240922_161145" data-image-description="" data-image-caption="" data-medium-file="https://www.kuerbis.lu/wp-content/uploads/2024/09/20240922_161145-225x300.jpg" data-large-file="https://www.kuerbis.lu/wp-content/uploads/2024/09/20240922_161145-768x1024.jpg" tabindex="0" role="button" class="aligncenter  wp-image-3671" src="http://www.kuerbis.lu/wp-content/uploads/2024/09/20240922_161145-768x1024.jpg" alt="" width="397" height="529" srcset="https://www.kuerbis.lu/wp-content/uploads/2024/09/20240922_161145-768x1024.jpg 768w, https://www.kuerbis.lu/wp-content/uploads/2024/09/20240922_161145-225x300.jpg 225w, https://www.kuerbis.lu/wp-content/uploads/2024/09/20240922_161145-1152x1536.jpg 1152w, https://www.kuerbis.lu/wp-content/uploads/2024/09/20240922_161145-1536x2048.jpg 1536w, https://www.kuerbis.lu/wp-content/uploads/2024/09/20240922_161145-scaled.jpg 1920w" sizes="(max-width: 397px) 100vw, 397px" /></a></p>
<p>______________________________________________________________________________________________________________</p>

<p>Säit 2003 ginn zu Biereng déi Lëtzebuerger Riesenkürbismeeschterschaften ausgedroen. ________________________________________________________________________________________________________________ National Riesenkürbismeeschterschaft 2026 Fir all dei wou wellen bei der Riesenkürbismeeschterschft 2026&nbsp;matmaachen! Hei fannt Dir den Formular fir sech unzemellen. Inscriptioun Risenkürbismeeschterschaft 2026 &nbsp; ______________________________________________________________________________________________________________</p>
